0
Let h(u) = u**3 - 8*u**2 + 2*u + 9. Let k be h(8). Suppose -j - k = 4*j. Let g(c) = -c**3 - 5*c**2 + 2*c + 6. What is g(j)?
-4
Let d(f) = f - 3. Let b = -54 + 58. Determine d(b).
1
Let w(a) = -a**2 + 5*a - 3. Let m be (-2)/(-8) + (-95)/(-4). Suppose -z - 5*z = -m. Give w(z).
1
Suppose y - 3*y = -6. Suppose -y*n + 3 = -0*n. Let a(r) be the first derivative of -7*r**4/4 + r**3/3 - r**2/2 + r + 9. What is a(n)?
-6
Suppose 0 = h + 5*a + 12, -5*h - a + 28 = -h. Suppose -y + 0*y + 6 = 3*k, h = -y + 4*k. Let f(w) = -w - 5. Determine f(y).
-5
Let l(c) = -2*c - 52 + c**3 + 51 + 4*c**2 - 3*c. What is l(-5)?
-1
Let z(k) = 2*k**3 + k. Let v = -4 + 4. Suppose v = 4*q + q + 5. Calculate z(q).
-3
Suppose 0*y + 3*y = -6. Let h(f) = -3*f + 4 - 2 + 2*f. Give h(y).
4
Let w(r) = 7*r**2 + 19*r - 5 - 8*r**2 - 30*r. What is w(-10)?
5
Let r(p) = -14*p**2 - 6*p - 3. Let l(n) = 5*n**2 + 2*n + 1. Let x(b) = 17*l(b) + 6*r(b). Determine x(4).
7
Let k(m) = -m**2 - 4*m + 2. Let u = -2 + -3. Suppose -l + 0*f - 2*f + 1 = 0, 5*f = -5*l - 20. Let w = l - u. Calculate k(w).
2
Let m(w) = -w**3 + 3*w**2 - 3*w. Let i be m(2). Let c(s) = -s**2 + 5*s - 2. Let f be c(2). Let j(z) = f*z + 3 + 2*z**3 - 3*z**3 + 0*z. What is j(i)?
3
Let z(a) be the first derivative of -10 - 1/3*a**3 - 2*a**2 + 0*a. Determine z(-4).
0
Let y be (-1 - 0) + (5 - 0). Suppose 7*c + y*w = 3*c - 4, c + 3*w + 9 = 0. Let i(o) = 4*o - 6. Let s(v) = -v + 2. Let x(f) = -4*i(f) - 14*s(f). Give x(c).
-10
Suppose 85 = -0*a - 5*a. Let q = 12 + a. Let o(f) = 2*f + 7. Determine o(q).
-3
Let g(o) = -o**3 + o**2 - 6. Let c = 5 + -3. Suppose 0 = 5*r - r + 4. Let v be (-3 - -2 - r)/c. Determine g(v).
-6
Suppose -4*t = 3 - 23. Suppose t*r - 5 = -0. Let g(p) = -8*p**3 - 2*p**2 + 1. Give g(r).
-9
Let t(a) = -8*a**2 - 10*a + 4. Let r(h) = 15*h**2 + 19*h - 7. Let i(j) = 6*r(j) + 11*t(j). What is i(-3)?
8
Let z(a) = -a. Let n = -1 - -4. Let w(m) = 19*m**2 - 27*m**2 + 9*m**2. Let s(j) = n*z(j) + w(j). What is s(3)?
0
Let i(o) = 2*o**2 + 0*o + 6*o - 3*o - o**2. Let l(w) = -w**2 - 3*w + 4. Let p be l(-4). Suppose 3*x + 3*v + 14 = 4*v, p = -5*x - 3*v. Calculate i(x).
0
Let j(a) = a**3 - a**2 - 1. Let f(m) be the second derivative of 3*m**5/5 - 7*m**4/12 - m**3/6 - 5*m**2/2 + 3*m. Let q(i) = -f(i) + 5*j(i). Give q(-1).
8
Let x(g) = g - 5. Let s be x(10). Let m = -2 - -5. Let c(h) = -6 - 4*h**3 - 4*h + 0*h**2 + 5*h**m - 4*h**2. Calculate c(s).
-1
Let w be (-64)/(-160) - 6/(-20)*22. Let v(d) = -d**3 + 8*d**2 - 6*d - 5. What is v(w)?
2
Let t(v) = -6*v - 1. Suppose -9*a = -6*a. Let n be ((-2)/(-1) - 3) + a. Calculate t(n).
5
Let i(o) = -o**2 - 1. Let l(p) = -3*p - 2 - 3*p**2 + 10 + p**3 + 3*p**2 + 7*p**2. Let n(r) = -3*i(r) - l(r). What is n(-5)?
5
Let l(v) = 3*v**2 - 1. Let o(h) = h**2 + h. Let r be o(-4). Let t be ((-3)/r)/(2/(-8)). Calculate l(t).
2
Let l(n) be the second derivative of -n**7/840 + n**6/120 - n**5/120 + n**4/8 + n**3/6 + n. Let o(z) be the second derivative of l(z). Give o(3).
0
Let y(i) be the second derivative of -i**4/4 - i**3/2 - 3*i**2/2 - 10*i. Determine y(-2).
-9
Let n = -9 - -2. Let o(a) = a**2 + 6*a + 1. What is o(n)?
8
Let c(n) = n**2 + 5*n + 1. Suppose -2 - 53 = -5*s. Let r = s + -15. Let k be c(r). Let f(x) = x**2 + 5*x + 2. Calculate f(k).
-4
Let r be 5/(-2 - (-1 + -2)). Let k(d) = 0*d**2 + 0*d**2 + 17*d - 4*d**2 - 5 + 2*d**2. Let a(p) = -3*p**2 + 25*p - 8. Let h(c) = 5*a(c) - 7*k(c). Give h(r).
0
Let k(a) = a - 4. Let f = 29 + -29. Determine k(f).
-4
Suppose 3*i + 15 = 0, 0 = -3*n + 4*i + 31 - 8. Let z(f) = 9*f**3 - f**2 + f. What is z(n)?
9
Let c(t) be the third derivative of t**6/60 + t**5/60 + t**3/3 + 5*t**2. Calculate c(-2).
-10
Let l(o) = -o**2 + o + 1. Let p be -2 + (-3)/(-1) + 2. Give l(p).
-5
Let p(n) = -n. Let w(v) = -3*v**2 + v. Let u(i) = 2*p(i) + w(i). Give u(-1).
-2
Let z(w) = w + 1. Let t be z(4). Let o(y) = -y + 12*y + y**2 + 2 - 15*y. Calculate o(t).
7
Let b(x) = -2*x - 2. Let j(a) = 3*a + 3. Let s(m) = -5*b(m) - 3*j(m). Suppose 0 = -5*r - 15, 2*h + 3 = -2*r - 5. Determine s(h).
0
Let g(y) = -y + 14. Let i be g(9). Suppose -i = 5*l - 3*x, 3*x = -5*l + 5*x. Let u(h) = h - 2*h**3 + 4*h**l + 3*h**3 - 2*h - 2 - h. What is u(-2)?
10
Let g(i) = -i**3 + 10*i**2 - 5*i + 2. Let v(k) = -k**2. Let x(o) = -g(o) - 5*v(o). Let q = -40 - -44. Give x(q).
2
Let t(a) = -a**3 - 4*a**2 - 5*a - 3. Let f = -2 + 0. Let m = f + -1. Give t(m).
3
Let x be 2/5 - 154/35. Let o(h) = 2*h + 2. Let q be o(x). Let w(b) = -b**3 - 7*b**2 - 6*b - 6. Determine w(q).
-6
Let f(s) = -5*s - 1. Let r(c) = 4*c. Let a(n) = -3*f(n) - 4*r(n). Determine a(-6).
9
Let m(r) = r**3 - r**2 + 3*r - 3. Let t be m(2). Let z(i) be the first derivative of -i**2/2 + 3*i - 42. What is z(t)?
-4
Let i be ((-2)/(-48))/(-2*(-4)/16). Let p(q) be the third derivative of i*q**4 + 0 + q**3 + 3*q**2 + 0*q. What is p(-5)?
-4
Suppose -5*x - 4*y + 8 = 0, y + 2*y + 21 = 3*x. Let t(z) = 3*z + 4. Let f(o) = 3*o + 3. Let a(n) = x*t(n) - 5*f(n). What is a(1)?
-2
Let j be (-14)/4*40/(-14). Let y = j - 14. Let h(b) = -b**3 - 5*b**2 - 2*b + 3. Calculate h(y).
-5
Let b(d) = -d**3 + 4*d**2 - d + 1. Let j(l) = 5*l. Let g(o) = -9*o. Let f(i) = 4*g(i) + 7*j(i). Let w be f(-2). Determine b(w).
7
Let m(c) be the second derivative of -c**2 + 5/24*c**4 + 0 + 1/120*c**6 - c + 7/6*c**3 - 7/60*c**5. Let o(a) be the first derivative of m(a). Calculate o(6).
1
Let g = -1 - -3. Let x(y) = 2*y - 4. Let f be x(3). Let o(w) = 11*w**2 - 3 - 9*w**g + 3 - w**3 + 2 + f*w. Determine o(3).
-1
Let v(q) = -q - 3. Let x = 3 - 12. Let y = x + 4. Calculate v(y).
2
Suppose 2*n - 35 = -7. Suppose -5*u - n + 29 = 0. Let h(o) be the third derivative of -o**6/120 + o**5/15 - o**4/24 + 2*o**3/3 - o**2. Determine h(u).
10
Let o(m) = -m - 8. Let t be o(-5). Let s be (0 + 0 - t) + 3. Let h(u) = u**3 - 7*u**2 + 5*u + 1. Calculate h(s).
-5
Suppose 5*u + 36 = -4*v, 5*u - 3*v + 4*v + 24 = 0. Suppose 24 = -3*r - 5*h + 5, -r = -4*h - 22. Let z(q) = -3*q + q**r - 5 + q + 6*q. What is z(u)?
-5
Let f(q) = -q**3 + q**2 + 2*q + 3. Let x be f(-2). Let v = x - 5. Let a(i) be the second derivative of -i**3/6 + 5*i**2/2 - i + 3. Determine a(v).
-1
Let i(w) = -3*w + 1 - 3*w + 0*w. Let t(x) = -6*x + 1. Let q(v) = 3*i(v) - 4*t(v). Calculate q(-1).
-7
Let p(q) = 4*q - 1. Suppose 0*n + 12 = -2*n. Suppose -2*l - 7*b + 2*b = -15, b = -l. Let m = l - n. What is p(m)?
3
Let k(y) = y**3 - 3*y**2 - 4*y + 4. Let r(w) = -w**2 + 7*w - 7. Let m be r(6). Let o be (-22)/33 - 34/(-6). Let f = o + m. Give k(f).
4
Let d(i) be the second derivative of 1/3*i**3 + 0 + 5/2*i**2 - 2*i. Calculate d(-4).
-3
Let h be ((-3)/9)/(((-4)/(-6))/2). Let x(y) = 4*y**3 + 1. Determine x(h).
-3
Let i(v) = -2*v - 3*v + 0*v**2 - v**2. Let g be 4/14 - (-52)/14. Suppose g*u + 3*s = s - 28, -s = u + 9. What is i(u)?
0
Let c(s) = -s**2 - 5*s + 4. Let z(h) = h**2 + 5*h - 3. Let j be (-9)/27*-3*3. Let v(k) = j*z(k) + 2*c(k). Give v(-5).
-1
Let p(l) be the second derivative of l**3/6 + 5*l**2/2 + 2*l. Suppose -30 = 13*d - 7*d. Calculate p(d).
0
Let t(f) = -5*f + 1. Let m(z) = 4*z - 1. Let s(y) = -6*m(y) - 5*t(y). Let v(n) = n**3 - 4*n**2 + 3*n + 1. Let d(g) = -6*s(g) + v(g). Calculate d(5).
5
Let o(b) = -b**2 - 3*b + 4. Suppose 2*p = -3*p - 20. Let a(u) = u - 1. Let s be a(p). What is o(s)?
-6
Let k(u) = -1 + 52*u - 27*u - u**2 - 25*u. Calculate k(2).
-5
Let t(a) be the third derivative of a**5/60 - a**4/4 + 4*a**3/3 - 21*a**2. What is t(6)?
8
Let s(x) = 5*x**2 + 25*x - 15. Let b(r) = r**2 + 5*r - 3. Let k(o) = 11*b(o) - 2*s(o). Determine k(-6).
3
Let b(m) = 5*m**3 + 8*m**2 - 5*m + 8. Let h(y) = 3*y**3 + 4*y**2 - 2*y + 4. Let j(q) = -4*b(q) + 7*h(q). Give j(4).
20
Let x(r) = -r**3 + 2*r**2 + 2*r - 1. Let u = -60 + 68. Let a(t) = 3*t**2 - 4*t + 3. Let h be a(3). Let g be h/4*u/12. Determine x(g).
-4
Let p be 3/(1 - 3/(-6)). Let o(f) = 5*f - 6. Let a(h) = h - 1. Let z(x) = 21*a(x) - 3*o(x). Determine z(p).
9
Let s(t) = 9*t + 21. Let q(x) = -x - 2. Let f(b) = -21*q(b) - 2*s(b). Suppose 0 = o - 5*r - 19, 3*r + 7 = 5*o - 0*o. Let u be o*(4/(-1) - -2). What is f(u)?
6
Let z(s) be the third derivative of s**6/120 + 9*s**2. What is z(2)?
8
Suppose 5*a = 4*v + 31, 4*v + 27 = 5*a + v. Let m(u) = -2*u + u**3 - u + 4*u - 7*u**a. Calculate m(-1).
5
Let z = -142 + 144. Let i(